107641?
107641
What are the prime factors of 8280026?
2, 89, 181, 257
What are the prime factors of 42748469?
42748469
List the prime factors of 356187.
3, 13, 9133
What are the prime factors of 2046208?
2, 7993
What are the prime factors of 1657793?
1657793
List the prime factors of 167516.
2, 41879
What are the prime factors of 3922445?
5, 784489
What are the prime factors of 19026377?
19026377
What are the prime factors of 5198754?
2, 3, 11, 227, 347
What are the prime factors of 11513?
29, 397
List the prime factors of 756166.
2, 378083
What are the prime factors of 1270179?
3, 141131
List the prime factors of 6555226.
2, 3277613
List the prime factors of 183248.
2, 13, 881
List the prime factors of 853213.
17, 31, 1619
List the prime factors of 614969.
157, 3917
List the prime factors of 207138.
2, 3, 19, 23, 79
List the prime factors of 2327198.
2, 17, 68447
List the prime factors of 26737049.
103, 259583
List the prime factors of 35594942.
2, 19, 936709
What are the prime factors of 6662977?
19, 18457
List the prime factors of 715195.
5, 13, 11003
What are the prime factors of 442348?
2, 110587
List the prime factors of 1924848.
2, 3, 13367
What are the prime factors of 744061?
199, 3739
What are the prime factors of 24248?
2, 7, 433
List the prime factors of 1296812.
2, 11, 29473
List the prime factors of 9960340.
2, 5, 13, 29, 1321
What are the prime factors of 20129288?
2, 839, 2999
List the prime factors of 6084904.
2, 7, 193, 563
What are the prime factors of 791483?
7, 11, 19, 541
List the prime factors of 9252162.
2, 3, 514009
List the prime factors of 2710437.
3, 903479
List the prime factors of 765466.
2, 13, 59, 499
List the prime factors of 11659578.
2, 3, 7, 19, 769
List the prime factors of 4872317.
41, 151, 787
List the prime factors of 2866728.
2, 3, 119447
List the prime factors of 136892.
2, 7, 4889
What are the prime factors of 5699648?
2, 89057
What are the prime factors of 13913296?
2, 31, 28051
What are the prime factors of 833705?
5, 166741
List the prime factors of 2129951.
2129951
What are the prime factors of 3875949?
3, 7, 11, 17, 47
What are the prime factors of 13625670?
2, 3, 5, 17, 26717
List the prime factors of 2626272.
2, 3, 11, 829
List the prime factors of 14088921.
3, 7, 11, 8713
List the prime factors of 2243507.
7, 17, 1109
What are the prime factors of 729689?
729689
What are the prime factors of 1590667?
13, 37, 3307
List the prime factors of 5296.
2, 331
What are the prime factors of 47415?
3, 5, 29, 109
List the prime factors of 5818298.
2, 2909149
List the prime factors of 3748923.
3, 31, 1493
What are the prime factors of 2322059?
29, 80071
What are the prime factors of 41341005?
3, 5, 23, 59, 677
What are the prime factors of 227285?
5, 131, 347
What are the prime factors of 5221919?
31, 168449
What are the prime factors of 5857873?
7, 836839
What are the prime factors of 2434266?
2, 3, 61, 739
What are the prime factors of 1340186?
2, 163, 4111
List the prime factors of 1585702.
2, 19, 41729
List the prime factors of 101686.
2, 13, 3911
What are the prime factors of 148442?
2, 7, 23, 461
List the prime factors of 1634747.
79, 20693
What are the prime factors of 1643809?
1643809
What are the prime factors of 1370098?
2, 17, 59, 683
What are the prime factors of 384516?
2, 3, 11, 971
List the prime factors of 267961.
267961
What are the prime factors of 657752?
2, 82219
What are the prime factors of 253872?
2, 3, 41, 43
What are the prime factors of 3653684?
2, 913421
List the prime factors of 18352841.
13, 19, 67, 1109
What are the prime factors of 327479?
327479
What are the prime factors of 1645762?
2, 822881
List the prime factors of 2803835.
5, 560767
What are the prime factors of 135489?
3, 19, 2377
What are the prime factors of 682363?
11, 17, 41, 89
List the prime factors of 1747471.
11, 23, 6907
What are the prime factors of 412448?
2, 12889
What are the prime factors of 481856?
2, 7529
What are the prime factors of 85147?
85147
List the prime factors of 2380922.
2, 661, 1801
What are the prime factors of 550009?
550009
What are the prime factors of 16613429?
7, 19, 23, 5431
What are the prime factors of 440723?
440723
List the prime factors of 380188.
2, 17, 5591
List the prime factors of 71580.
2, 3, 5, 1193
List the prime factors of 588794.
2, 294397
What are the prime factors of 514116?
2, 3, 14281
List the prime factors of 998165.
5, 7, 19, 79
What are the prime factors of 54098?
2, 11, 2459
List the prime factors of 616482.
2, 3, 29, 1181
What are the prime factors of 23389476?
2, 3, 11, 37, 4789
What are the prime factors of 100409?
31, 41, 79
List the prime factors of 1703892.
2, 3, 141991
List the prime factors of 887106.
2, 3, 11, 13441
List the prime factors of 14506273.
1579, 9187
What are the prime factors of 22043?
7, 47, 67
List the prime factors of 1293529.
1293529
List the prime factors of 657818.
2, 7, 19, 2473
List the prime factors of 27197.
27197
List the prime factors of 15211163.
11, 887, 1559
List the prime factors of 960648.
2, 3, 13, 3079
List the prime factors of 3109881.
3, 53, 19559
What are the prime factors of 81017?
81017
What are the prime factors of 20436466?
2, 23, 444271
List the prime factors of 2017366.
2, 13, 77591
What are the prime factors of 10592753?
10592753
List the prime factors of 431543.
7, 8807
What are the prime factors of 753094?
2, 376547
What are the prime factors of 12361127?
1987, 6221
What are the prime factors of 14971207?
14971207
List the prime factors of 30707979.
3, 241, 42473
List the prime factors of 3285297.
3, 23, 59, 269
List the prime factors of 11501235.
3, 5, 431, 593
List the prime factors of 7604211.
3, 83, 30539
List the prime factors of 24686493.
3, 13, 632987
List the prime factors of 20895.
3, 5, 7, 199
What are the prime factors of 619035?
3, 5, 41269
What are the prime factors of 6852128?
2, 214129
What are the prime factors of 272556?
2, 3, 67, 113
What are the prime factors of 865081?
7, 123583
List the prime factors of 29214135.
3, 5, 216401
What are the prime factors of 9413690?
2, 5, 11, 13, 29, 227
What are the prime factors of 1774901?
1774901
What are the prime factors of 3163260?
2, 3, 5, 52721
List the prime factors of 597300.
2, 3, 5, 11, 181
List the prime factors of 487802.
2, 7, 34843
What are the prime factors of 10835816?
2, 83, 16319
List the prime factors of 2745726.
2, 3, 457621
List the prime factors of 2675567.
23, 116329
What are the prime factors of 3059975?
5, 122399
What are the prime factors of 36147595?
5, 11, 19, 34591
What are the prime factors of 80266?
2, 67, 599
What are the prime factors of 82852?
2, 7, 11, 269
List the prime factors of 890140.
2, 5, 44507
List the prime factors of 718444.
2, 43, 4177
List the prime factors of 14654189.
11, 163, 743
List the prime factors of 3271483.
43, 76081
List the prime factors of 939178.
2, 469589
List the prime factors of 5571662.
2, 47, 59273
List the prime factors of 650931.
3, 61, 3557
List the prime factors of 205915.
5, 41183
What are the prime factors of 7542315?
3, 5, 11, 1693
What are the prime factors of 1622043?
3, 37, 4871
List the prime factors of 6371555.
5, 19, 47, 1427
List the prime factors of 1661339.
659, 2521
What are the prime factors of 4042058?
2, 2021029
What are the prime factors of 6730245?
3, 5, 149561
List the prime factors of 689154.
2, 3, 114859
What are the prime factors of 1424339?
7, 283, 719
List the prime factors of 736496.
2, 191, 241
List the prime factors of 641377.
11, 199, 293
What are the prime factors of 3132713?
1669, 1877
What are the prime factors of 557652?
2, 3, 46471
List the prime factors of 10143120.
2, 3, 5, 13, 3251
List the prime factors of 2744149.
59, 46511
List the prime factors of 5471019.
3, 43, 67, 211
What are the prime factors of 851792?
2, 139, 383
What are the prime factors of 204994?
2, 102497
List the prime factors of 110720.
2, 5, 173
List the prime factors of 87196.
2, 21799
List the prime factors of 4782975.
3, 5, 63773
What are the prime factors of 8661659?
101, 191, 449
List the prime factors of 411305.
5, 82261
What are the prime factors of 65285?
5, 11, 1187
List the prime factors of 6357951.
3, 19, 37181
What are the prime factors of 65413?
65413
What are the p